. Calculate z(-1).
-4
Let z(w) = -19*w - 169. Calculate z(-8).
-17
Let z(u) = u**3 - 9*u**2 + 3*u + 15. Calculate z(8).
-25
Let c(g) = -6*g + 27. What is c(4)?
3
Let r(p) = -p**3 + 26*p**2 - 50*p + 26. Determine r(24).
-22
Let s(f) = f**3 + 6*f**2 - 16*f - 1. What is s(-8)?
-1
Let i(n) = -17*n - 3. Determine i(11).
-190
Let y(u) = 2*u - 2. Calculate y(1).
0
Let m(u) = -27*u**2 + u - 1. Calculate m(1).
-27
Let y(c) = -6*c - 126. Determine y(-21).
0
Let r(d) = d**2 + 11*d - 28. What is r(-13)?
-2
Let n(s) = 3*s. Calculate n(-8).
-24
Let x(h) = 19*h**2 - 49*h + 5. Give x(3).
29
Let k(s) = -32*s - 28. What is k(0)?
-28
Let s(j) = 8*j - 2. Give s(-4).
-34
Let f(h) = -3*h + 9. Determine f(0).
9
Let l(v) = -v**2 + 36*v - 197. Determine l(7).
6
Let o(j) = -63*j - 247. What is o(-4)?
5
Let q(d) = 2*d**2 - 25*d - 66. Give q(15).
9
Let d(p) = 4*p + 9. Give d(-5).
-11
Let w(r) = r**2 + 18*r + 52. What is w(-6)?
-20
Let t(k) = k - 21. Determine t(-7).
-28
Let j(l) = 6*l - 9. Calculate j(2).
3
Let w(y) = -y**3 - 11*y**2 - 6*y + 11. What is w(-10)?
-29
Let b(c) = -c**3 + 36*c**2 - 36*c + 31. Calculate b(35).
-4
Let v(f) = -f + 19. Give v(15).
4
Let h(m) = -m**3 - 2*m**2 + 18*m - 13. Calculate h(-6).
23
Let q(g) = -22*g - 135. Calculate q(-6).
-3
Let n(y) = -y**2 + 7*y + 10. Give n(6).
16
Let f(a) = -4*a. Determine f(-9).
36
Let i(f) = -11*f - 96. What is i(-10)?
14
Let f(y) = 2*y - 1. What is f(-1)?
-3
Let u(z) = 4*z**2 + 3*z - 5. Calculate u(-2).
5
Let v(y) = -y**3 - 11*y**2 - 4*y + 18. What is v(-11)?
62
Let w(v) = 47*v**2 - 1. Give w(1).
46
Let y(m) = -m**2 + 7*m + 18. Calculate y(8).
10
Let d(t) = t + 70. What is d(6)?
76
Let s(i) = -i**3 + 2*i**2 + 10*i + 2. Give s(4).
10
Let c(g) = -3*g**2 + 88*g + 70. Give c(30).
10
Let k(w) = -w**3 - 8*w**2 + 10*w + 10. Determine k(-9).
1
Let v(n) = -n**2 + 11*n - 17. What is v(8)?
7
Let b(f) = 21*f - 74. Determine b(4).
10
Let n(h) = 25*h - 181. Determine n(7).
-6
Let n(a) = a**3 + 2*a**2 - 31*a - 61. Give n(-2).
1
Let f(a) = 12*a**3 - 2*a**2 - a + 1. What is f(-1)?
-12
Let u(b) = -b**2 + 20*b - 80. Determine u(15).
-5
Let p(o) = o**2 - 8*o - 11. Determine p(8).
-11
Let b(v) = -7*v**2 - 2. Determine b(-2).
-30
Let p(l) = 5*l - 44. What is p(7)?
-9
Let l(w) = -12*w + 1. Give l(3).
-35
Let z(q) = q**3 + 4*q**2 - 2*q + 3. Determine z(-3).
18
Let f(m) = 3*m**3 - 4*m**2 - 6*m. What is f(-3)?
-99
Let c(q) = -q**2 + 10*q - 19. Determine c(4).
5
Let l(j) = 7*j - 31. Give l(5).
4
Let j(n) = 2*n - 1. What is j(3)?
5
Let m(v) = -27*v - 3. Give m(-1).
24
Let m(i) = 68*i - 20. Determine m(2).
116
Let i(f) = 20*f - 6. Give i(1).
14
Let l(d) = -3*d - 15. Determine l(-5).
0
Let h(p) = p**3 - 7*p**2 - p + 11. Calculate h(5).
-44
Let y(u) = 14*u - 39. Give y(3).
3
Let s(v) = -2*v**3 + 4*v**2 - 7*v + 4. Calculate s(3).
-35
Let c(v) = -v**3 - 5*v**2 - 5*v - 4. Determine c(-4).
0
Let j(q) = 29*q - 417. Calculate j(14).
-11
Let j(p) = 3*p + 16. Calculate j(0).
16
Let s(l) = 3*l**3 - 11*l**2 - 8*l + 7. What is s(5)?
67
Let c(y) = -y**3 - 5*y**2 + 7*y - 4. Give c(-6).
-10
Let t(v) = -3*v - 31. Calculate t(-13).
8
Let k(j) = 6*j + 2. What is k(-2)?
-10
Let v(s) = s**3 - 8*s**2 - 3*s - 15. Determine v(9).
39
Let c(a) = a**3 + 7*a**2 + a + 6. Give c(-3).
39
Let q(a) = 3*a + 91. What is q(-10)?
61
Let g(t) = -16*t - 1. Give g(-1).
15
Let j(a) = -8*a + 137. Give j(20).
-23
Let r(f) = f + 26. What is r(-8)?
18
Let b(s) = -5*s + 2. What is b(1)?
-3
Let o(g) = -g**2 - 17*g - 19. What is o(-15)?
11
Let n(c) = 2*c**2 - 73*c + 103. What is n(35)?
-2
Let j(v) = v - 10. Calculate j(6).
-4
Let z(q) = -q**2 - 9*q + 118. What is z(7)?
6
Let c(k) = 3*k**3 - 37*k**2 + 12*k - 6. Calculate c(12).
-6
Let h(x) = -3*x**2 + 2*x + 4. Calculate h(5).
-61
Let l(q) = -q**3 - 10*q**2 + 26*q - 9. What is l(-12)?
-33
Let a(x) = x**3 - 8*x**2 + 3*x + 22. What is a(7)?
-6
Let s(l) = 4*l**2 + 2*l + 4. Give s(6).
160
Let a(w) = -w**2 - w - 7. Determine a(6).
-49
Let d(y) = -y**3 + 10*y**2 - 15*y - 10. Calculate d(8).
-2
Let q(z) = 5*z - 30. Calculate q(6).
0
Let a(g) = g**2 - g - 11. Calculate a(-5).
19
Let p(g) = -g**2 + 7*g + 1. Determine p(4).
13
Let s(o) = -o**3 - 6*o**2 - 2*o - 12. Calculate s(-6).
0
Let a(r) = -2*r**2 + 28*r + 10. Calculate a(14).
10
Let u(k) = -k**3 - 9*k**2 + 29*k + 19. Determine u(-12).
103
Let u(g) = -g**2 - 4*g + 16. Determine u(3).
-5
Let g(h) = h**2 + h - 99. Calculate g(0).
-99
Let n(d) = d**3 - 3*d**2 + 4*d - 4. Determine n(3).
8
Let u(p) = 2*p**3 - 27*p**2 + 10*p + 24. Calculate u(13).
-15
Let r(u) = 2*u - 13. Determine r(-13).
-39
Let h(z) = z**3 + 8*z**2 - 23*z + 11. Give h(-10).
41
Let s(q) = 2*q + 6. What is s(-7)?
-8
Let h(a) = -a**3 - 22*a**2 - 37*a + 61. Give h(-20).
1
Let t(y) = -11*y + 4. Determine t(8).
-84
Let t(y) = y**3 - 20*y**2 + 2*y + 3. Determine t(20).
43
Let z(i) = i**2 + 14*i + 22. Determine z(-10).
-18
Let i(p) = p**3 + 4*p**2 - 7*p + 20. What is i(-6)?
-10
Let v(u) = -u + 31. Calculate v(27).
4
Let t(v) = -58*v**2 + v. Give t(1).
-57
Let x(v) = -v**2 - 5*v + 6. Calculate x(4).
-30
Let l(d) = -d**3 + 5*d**2 - 5*d + 5. What is l(4)?
1
Let v(g) = g**3 + 4*g**2 - 2*g + 9. What is v(-4)?
17
Let l(i) = i**3 - 6*i - 11. What is l(4)?
29
Let b(p) = -p**3 + 11*p**2 - 29*p. Give b(4).
-4
Let o(v) = 2*v**3 - 10*v**2 + 4*v - 7. Give o(5).
13
Let z(g) = -6*g + 94. What is z(15)?
4
Let l(b) = 6*b - 78. Give l(14).
6
Let p(w) = -w**3 + 7*w**2 - 11*w + 21. Determine p(6).
-9
Let a(b) = b + 3. Give a(-4).
-1
Let t(u) = u**3 + 16*u**2 - 56*u + 27. Give t(-19).
8
Let n(u) = -u**3 - 10*u**2 - 13*u - 9. Calculate n(-9).
27
Let q(r) = 14*r + 171. Give q(-12).
3
Let j(k) = k - 10. Give j(6).
-4
Let n(u) = u**3 + 7*u**2 - 15*u + 26. What is n(-9)?
-1
Let o(r) = -2*r**2 - 10*r - 7. Give o(0).
-7
Let u(g) = -5*g - 4. Calculate u(-2).
6
Let f(j) = 33*j - 353. Give f(11).
10
Let d(s) = s**2 + 15*s - 13. Give d(-15).
-13
Let u(d) = -d**3 + 17*d**2 + 18*d + 7. What is u(18)?
7
Let u(a) = 2*a**2 + 8*a + 4. Calculate u(-4).
4
Let r(o) = 5*o - 33. What is r(0)?
-33
Let a(m) = -6*m - 20. Determine a(-6).
16
Let w(i) = -i**2 + 7*i + 55. What is w(-5)?
-5
Let v(j) = -2*j**2 + 13*j - 9. Give v(9).
-54
Let a(j) = -j**2 + 15*j - 6. Determine a(12).
30
Let d(m) = 2*m**3 + 2*m**2 - 3*m. Determine d(2).
18
Let h(n) = n**3 - 5*n**2 - n + 7. Determine h(5).
2
Let r(s) = s - 20. Calculate r(7).
-13
Let c(b) = -b**3 - 16*b**2 + 35*b + 5. Determine c(-18).
23
Let p(q) = -q**3 + 22*q**2 - 21*q. Calculate p(21).
0
Let f(p) = 2*p**2 - 30*p + 7. Calculate f(15).
7
Let s(m) = -24*m - 43. What is s(-2)?
5
Let q(t) = -t**3 + 5*t**2 - 8. What is q(6)?
-44
Let k(x) = -x**3 + 3*x**2 + 3*x - 1. Give k(2).
9
Let w(o) = o**3 - 61*o**2 + 61*o - 67. Determine w(60).
-7
Let r(l) = 2*l**3 - 23*l**2 + 35*l - 48. Give r(10).
2
Let f(x) = 4*x + 9. What is f(-6)?
-15
Let s(x) = -x**3 - 41*x**2 + 133*x + 45. Calculate s(-44).
1
Let m(k) = 5*k**3 - k**2 + k - 1. Calculate m(1).
4
Let n(v) = -v**2 + 26*v - 98. Calculate n(5).
7
Let o(a) = a**3 - 36*a**2 - 201*a - 162. Determine o(41).
2
Let q(z) = -15*z - 81. What is q(-6)?
9
Let r(j) = j**3 + 6*j**2 - 19*j - 26. Calculate r(-8).
-2
Let t(c) = -c**3 + 34*c**2 - 32*c - 33. Calculate t(33).
0
Let m(g) = -2*g**2 - 36*g - 88. Calculate m(-12).
56
Let z(d) = 2*d**2 + 15*d - 10. Give z(-8).
-2
Let p(k) = 26*k**3 + k - 1. Give p(1).
26
Let n(w) = -2*w**2 + 15*w + 26. What is n(9)?
-1
Let u(g) = -g**2 - 19*g - 5. What is u(-19)?
-5
Let o(q) = -q**2 + 7*q - 6. Calculate o(-4).
-50
Let n(w) = -w**2 + 9*w - 10. Give n(8).
-2
Let r(f) = f**3 - 7*f**2 - 5*f - 5. Determine r(8).
19
Let f(r) = 2*r + 5. Determine f(5).
15
Let b(t) = -t**3 + 7*t**2 - t - 8. Calculate b(6).
22
Let c(q) = q**3 - 6*q**2 + 4*q - 5. Give c(5).
-10
Let k(r) = r + 24. Give k(-32).
-8
Let l(a) = a**3 - 22*a**2 + 23*a - 53. What is l(21)?
-11
Let x(f) = -11*f - 363. Give x(-33).
0
Let v(k) = k**3 + 26*k**2 - 26*k + 36. Calculate v(-27).
9
Let b(k) = -6*k - 10. What is b(-5)?
20
Let j(g) = -g**2 + 2*g - 108. Give j(0).
-108
Let z(t) = t**3 - 10*t**2 + 5*t + 1. Calculate z(7).
-111
Let j(x) = -x**2 - 3*x + 2. What is j(-4)?
-2
Let h(o) = o**2 + 21*o - 2. What is h(-22)?
20
Let g(s) = -s**2. Calculate g(-4).
-16
Let q(i) = -i - 8. What is q(6)?
-14
Let b(g) = 2*g**2 - 5*g + 8. Wh